isor of 568 and 122972?
284
Calculate the highest common divisor of 93 and 3227379.
93
What is the greatest common factor of 70 and 28896?
14
Calculate the highest common divisor of 1 and 307.
1
Calculate the highest common divisor of 96 and 219288.
24
What is the greatest common divisor of 144726 and 3?
3
Calculate the highest common factor of 4053 and 14.
7
Calculate the highest common divisor of 47959 and 2169.
241
Calculate the greatest common factor of 29 and 63916.
29
Calculate the greatest common factor of 15928 and 6952.
88
What is the highest common factor of 54198 and 138?
6
Calculate the greatest common divisor of 1616250 and 5000.
1250
What is the greatest common divisor of 191072 and 224?
224
What is the highest common divisor of 310310 and 13585?
715
Calculate the greatest common divisor of 6384 and 33096.
168
What is the highest common divisor of 6326060 and 377?
377
Calculate the highest common divisor of 2007022 and 244.
122
Calculate the greatest common factor of 2225 and 6764.
89
Calculate the highest common divisor of 3472 and 77.
7
What is the highest common factor of 575632 and 256?
16
What is the highest common divisor of 24 and 33780?
12
What is the highest common divisor of 660750 and 54622?
1762
Calculate the highest common factor of 19952 and 580.
116
What is the greatest common divisor of 1236 and 29864?
4
Calculate the greatest common divisor of 2013 and 366549.
183
What is the greatest common factor of 75320 and 2240?
280
Calculate the highest common factor of 96 and 172488.
24
What is the greatest common factor of 307096 and 2760?
184
What is the highest common divisor of 1872 and 8496?
144
What is the highest common divisor of 91230 and 60?
30
What is the highest common factor of 2345 and 48575?
335
Calculate the greatest common divisor of 26832 and 7912.
344
What is the highest common factor of 130035 and 45?
15
Calculate the greatest common factor of 796092 and 2934.
978
Calculate the highest common factor of 1176 and 229208.
56
What is the greatest common divisor of 58325 and 125?
25
What is the greatest common divisor of 53 and 14204?
53
Calculate the greatest common factor of 1188 and 1039797.
297
Calculate the highest common divisor of 81 and 94959.
27
Calculate the highest common divisor of 64404 and 72.
36
What is the greatest common divisor of 7339 and 11029?
41
What is the greatest common divisor of 30 and 1012530?
30
Calculate the greatest common divisor of 54648 and 192.
24
What is the greatest common factor of 189 and 879795?
189
Calculate the highest common factor of 28543 and 3013.
23
Calculate the highest common factor of 88 and 65362.
22
What is the greatest common divisor of 5769744 and 284?
284
Calculate the greatest common factor of 5195 and 2.
1
Calculate the highest common divisor of 3619369 and 13.
13
Calculate the highest common factor of 51 and 104839.
17
What is the greatest common factor of 50 and 188775?
25
Calculate the highest common factor of 39 and 100321.
13
Calculate the greatest common factor of 128 and 838048.
32
Calculate the highest common factor of 116824 and 2584.
136
What is the greatest common factor of 6666 and 561?
33
What is the highest common factor of 3480 and 31610?
290
What is the greatest common divisor of 446294 and 652?
326
What is the highest common divisor of 474173 and 21?
7
Calculate the highest common divisor of 258454 and 56.
14
Calculate the greatest common factor of 71273 and 4607.
271
Calculate the greatest common divisor of 1862236 and 356.
356
Calculate the highest common factor of 2772 and 75348.
252
Calculate the highest common divisor of 11671 and 44.
11
What is the greatest common divisor of 7191 and 7614?
423
What is the greatest common factor of 18240 and 19?
19
Calculate the highest common factor of 768035 and 35.
5
Calculate the highest common factor of 11715 and 64965.
1065
What is the greatest common factor of 8100 and 1450?
50
Calculate the greatest common divisor of 330 and 333278.
22
Calculate the highest common divisor of 189819 and 966.
483
Calculate the greatest common factor of 3432 and 45903.
429
What is the highest common factor of 422791 and 1195?
239
Calculate the greatest common factor of 1368 and 931.
19
Calculate the highest common factor of 490 and 59094.
98
Calculate the highest common factor of 70 and 41671.
7
Calculate the highest common divisor of 60 and 178590.
30
Calculate the greatest common divisor of 248 and 50528.
8
Calculate the highest common factor of 60 and 216915.
15
What is the greatest common divisor of 172068 and 156?
156
What is the highest common factor of 21333 and 1158546?
1641
Calculate the greatest common factor of 775411 and 91.
91
Calculate the highest common divisor of 18666 and 16422.
102
What is the greatest common divisor of 814 and 11902?
22
What is the highest common factor of 1201325 and 1450?
725
Calculate the highest common factor of 2770452 and 164.
164
Calculate the greatest common divisor of 493 and 41191.
17
What is the highest common divisor of 7403312 and 4116?
1372
Calculate the highest common factor of 8825 and 3177.
353
Calculate the greatest common divisor of 338490 and 126.
18
Calculate the highest common factor of 729984 and 72.
24
What is the greatest common factor of 6401 and 17908?
37
What is the greatest common factor of 109701 and 918?
459
Calculate the greatest common divisor of 2133 and 1485.
27
Calculate the highest common factor of 191 and 29796.
191
What is the highest common factor of 10 and 1362335?
5
Calculate the highest common divisor of 12128 and 656.
16
What is the highest common divisor of 65620 and 10880?
340
What is the greatest common factor of 6842 and 198?
22
What is the greatest common divisor of 6 and 6?
6
What is the highest common divisor of 30 and 17320?
10
Calculate the greatest common factor of 231933 and 741.
741
What is the greatest common divisor of 13 and 192036?
13
What is the greatest common divisor of 17 and 1756933?
17
Calculate the greatest common divisor of 70 and 1688.
2
Calculate the highest common divisor of 62084 and 323.
17
What is the highest common divisor of 279 and 1653261?
93
What is the greatest common divisor of 349448 and 3146?
242
Calculate the greatest common factor of 1072 and 1374170.
134
Calculate the greatest common factor of 1924 and 21424.
52
What is the highest common factor of 110710 and 50?
10
What is the highest common factor of 9956 and 380?
76
Calculate the greatest common divisor of 587328 and 9568.
736
What is the highest common factor of 68409 and 165?
33
Calculate the highest common factor of 1269 and 48681.
27
Calculate the highest common divisor of 37 and 2401670.
37
Calculate the highest common factor of 43621 and 723.
241
Calculate the highest common factor of 9 and 355662.
9
Calculate the greatest common factor of 9635 and 1845.
205
Calculate the highest common factor of 2223 and 26847.
171
Calculate the greatest common factor of 181824 and 192.
192
Calculate the highest common factor of 231 and 753144.
21
Calculate the greatest common divisor of 32 and 1332.
4
Calculate the highest common divisor of 209 and 92378.
209
What is the highest common factor of 51196 and 12?
4
Calculate the greatest common factor of 32704 and 1064924.
2044
Calculate the greatest common factor of 354 and 5592669.
177
Calculate the highest common divisor of 116 and 3479159.
29
What is the highest common factor of 90 and 1150128?
18
Calculate the highest common factor of 261 and 553059.
261
What is the highest common factor of 428925 and 945?
105
What is the greatest common divisor of 1459 and 7500719?
1459
Calculate the greatest common divisor of 1280 and 202848.
32
Calculate the greatest common factor of 942 and 13599654.
942
Calculate the highest common factor of 1168 and 120158.
146
What is the greatest common factor of 650 and 78325?
325
What is the greatest common factor of 295 and 9465?
5
Calculate the highest common factor of 19313 and 1953.
217
Calculate the highest common divisor of 10 and 11642.
2
What is the highest common factor of 20 and 28535?
5
Calculate the highest common factor of 104663 and 91.
13
What is the greatest common divisor of 9 and 62664?
3
Calculate the highest common factor of 56508 and 408.
204